me factors of 25325625.
3, 5, 13, 1039
List the prime factors of 127200.
2, 3, 5, 53
List the prime factors of 1957865.
5, 7, 13, 331
What are the prime factors of 2913243?
3, 59, 109, 151
What are the prime factors of 1735151?
11, 233, 677
List the prime factors of 175618.
2, 277, 317
What are the prime factors of 4776190?
2, 5, 477619
List the prime factors of 37458819.
3, 31, 61, 71
List the prime factors of 274033.
274033
List the prime factors of 2250824.
2, 281353
List the prime factors of 2852252.
2, 13, 54851
List the prime factors of 2921087.
13, 224699
What are the prime factors of 18972990?
2, 3, 5, 210811
List the prime factors of 22062408.
2, 3, 919267
What are the prime factors of 11344685?
5, 11, 313, 659
What are the prime factors of 2303033?
157, 14669
What are the prime factors of 5186955?
3, 5, 17, 20341
What are the prime factors of 18158?
2, 7, 1297
What are the prime factors of 29580936?
2, 3, 7, 11, 16007
List the prime factors of 122433.
3, 37, 1103
List the prime factors of 1931568.
2, 3, 40241
List the prime factors of 17727.
3, 19, 311
What are the prime factors of 1247105?
5, 249421
What are the prime factors of 11332989?
3, 37, 34033
What are the prime factors of 418030?
2, 5, 17, 2459
What are the prime factors of 1119803?
19, 58937
List the prime factors of 140396.
2, 35099
List the prime factors of 417883.
417883
List the prime factors of 40389316.
2, 11, 83449
What are the prime factors of 1456411?
11, 31, 4271
What are the prime factors of 49958?
2, 24979
What are the prime factors of 348374?
2, 13, 13399
List the prime factors of 249379.
13, 19183
List the prime factors of 216535.
5, 11, 31, 127
What are the prime factors of 12222836?
2, 43, 179, 397
What are the prime factors of 1356989?
1097, 1237
List the prime factors of 516983.
29, 17827
List the prime factors of 101881.
13, 17, 461
What are the prime factors of 192309?
3, 13, 4931
What are the prime factors of 7771839?
3, 17, 152389
What are the prime factors of 111114?
2, 3, 6173
What are the prime factors of 148536?
2, 3, 2063
List the prime factors of 7521987.
3, 11, 103, 2213
What are the prime factors of 1808528?
2, 17, 61, 109
What are the prime factors of 2852380?
2, 5, 142619
List the prime factors of 1707365.
5, 11, 37, 839
What are the prime factors of 231739?
29, 61, 131
List the prime factors of 703045.
5, 7, 53, 379
List the prime factors of 3631024.
2, 229, 991
List the prime factors of 11537074.
2, 71, 113, 719
What are the prime factors of 5191523?
311, 16693
List the prime factors of 5609559.
3, 1869853
What are the prime factors of 1607040?
2, 3, 5, 31
What are the prime factors of 75756?
2, 3, 59, 107
What are the prime factors of 210018?
2, 3, 17, 29, 71
What are the prime factors of 5463443?
17, 23, 89, 157
What are the prime factors of 30139?
30139
What are the prime factors of 39036?
2, 3, 3253
List the prime factors of 229702.
2, 11, 53, 197
What are the prime factors of 11361878?
2, 11, 516449
What are the prime factors of 120849?
3, 40283
What are the prime factors of 14429454?
2, 3, 13, 184993
List the prime factors of 4799941.
4799941
What are the prime factors of 2303432?
2, 17, 16937
What are the prime factors of 70529?
70529
What are the prime factors of 258350?
2, 5, 5167
What are the prime factors of 76050?
2, 3, 5, 13
What are the prime factors of 187289?
17, 23, 479
What are the prime factors of 34798410?
2, 3, 5, 42961
What are the prime factors of 14702606?
2, 277, 26539
What are the prime factors of 109819?
109819
What are the prime factors of 11210408?
2, 11, 37, 313
What are the prime factors of 2763498?
2, 3, 227, 2029
List the prime factors of 9907669.
9907669
What are the prime factors of 17342?
2, 13, 23, 29
What are the prime factors of 596660?
2, 5, 29833
List the prime factors of 1104161.
23, 61, 787
What are the prime factors of 857672?
2, 107209
What are the prime factors of 1528964?
2, 382241
List the prime factors of 220556.
2, 7, 7877
List the prime factors of 1479922.
2, 677, 1093
What are the prime factors of 25076595?
3, 5, 73, 22901
List the prime factors of 4609726.
2, 11, 209533
List the prime factors of 192733.
37, 5209
What are the prime factors of 9277154?
2, 1627, 2851
What are the prime factors of 30879521?
2953, 10457
List the prime factors of 1259569.
1259569
What are the prime factors of 2029510?
2, 5, 7, 79, 367
What are the prime factors of 2109457?
7, 31, 9721
List the prime factors of 938401.
31, 30271
What are the prime factors of 20024789?
23, 870643
List the prime factors of 1162549.
151, 7699
List the prime factors of 272544.
2, 3, 17, 167
List the prime factors of 64598.
2, 32299
What are the prime factors of 4756626?
2, 3, 7, 5393
List the prime factors of 500501.
500501
What are the prime factors of 9668687?
7, 29, 47629
List the prime factors of 9763707.
3, 23, 71, 1993
What are the prime factors of 111302?
2, 19, 29, 101
What are the prime factors of 188519?
188519
What are the prime factors of 1582425?
3, 5, 13, 541
List the prime factors of 258518.
2, 13, 61, 163
What are the prime factors of 460705?
5, 7, 13163
List the prime factors of 403928.
2, 7, 7213
List the prime factors of 95839.
239, 401
List the prime factors of 545988.
2, 3, 173, 263
List the prime factors of 176334.
2, 3, 29389
List the prime factors of 4145.
5, 829
List the prime factors of 741054.
2, 3, 113, 1093
What are the prime factors of 3636576?
2, 3, 23, 61
What are the prime factors of 2764337?
61, 45317
List the prime factors of 892885.
5, 7, 97, 263
What are the prime factors of 4089432?
2, 3, 170393
What are the prime factors of 97492?
2, 24373
List the prime factors of 115935.
3, 5, 59, 131
What are the prime factors of 62440?
2, 5, 7, 223
What are the prime factors of 155133?
3, 11, 1567
List the prime factors of 2906369.
307, 9467
What are the prime factors of 10538602?
2, 163, 32327
List the prime factors of 10615506.
2, 3, 11, 160841
List the prime factors of 13812643.
13, 1062511
List the prime factors of 44916.
2, 3, 19, 197
What are the prime factors of 4777143?
3, 7, 109, 2087
List the prime factors of 249797.
249797
List the prime factors of 21944393.
21944393
What are the prime factors of 11008557?
3, 7, 197, 887
List the prime factors of 904428.
2, 3, 7, 37, 97
List the prime factors of 399897.
3, 4937
List the prime factors of 1524186.
2, 3, 17, 293
What are the prime factors of 1304883?
3, 31, 1559
What are the prime factors of 2394540?
2, 3, 5, 53, 251
What are the prime factors of 17174?
2, 31, 277
What are the prime factors of 12508870?
2, 5, 11, 113717
What are the prime factors of 196321?
137, 1433
What are the prime factors of 890170?
2, 5, 89017
List the prime factors of 666518.
2, 37, 9007
List the prime factors of 2856912.
2, 3, 53, 1123
List the prime factors of 366921.
3, 59, 691
What are the prime factors of 90430?
2, 5, 9043
What are the prime factors of 11821506?
2, 3, 503, 3917
List the prime factors of 2455943.
7, 97, 3617
What are the prime factors of 1122045?
3, 5, 19, 31, 127
List the prime factors of 1589679.
3, 7, 13, 647
What are the prime factors of 3757269?
3, 19, 29, 2273
List the prime factors of 2769232.
2, 17, 10181
List the prime factors of 510174.
2, 3, 7, 4049
What are the prime factors of 1062434?
2, 163, 3259
What are the prime factors of 707059?
353, 2003
List the prime factors of 23786831.
73, 499, 653
List the prime factors of 263135.
5, 52627
What are the prime factors of 1850716?
2, 7, 157, 421
What are the prime factors of 89797?
89797
What are the prime factors of 1585094?
2, 7, 19, 59, 101
List the prime factors of 7506169.
11, 131, 5209
List the prime factors of 1054809.
3, 7, 5581
List the prime factors of 2692259.
2692259
List the prime factors of 87994.
2, 43997
List the prime factors of 7493748.
2, 3, 624479
What are the prime factors of 970496?
2, 17, 223
What are the prime factors of 483215?
5, 96643
What are the prime factors of 18400?
2, 5, 23
What are the prime factors of 109586?
2, 157, 349
List the prime factors of 23170957.
107, 216551
What are the prime factors of 11817607?
23, 97, 5297
What are the prime factors of 3789668?
2, 947417
What are the prime factors of 516842?
2, 258421
List the prime factors of 568123.
17, 23, 14